 is the tens digit of 8128?
2
What is the thousands digit of 1095?
1
What is the units digit of 1952?
2
What is the thousands digit of 1643?
1
What is the hundreds digit of 130086?
0
What is the thousands digit of 22308?
2
What is the units digit of 9003?
3
What is the tens digit of 3057?
5
What is the units digit of 82663?
3
What is the tens digit of 500?
0
What is the hundreds digit of 108133?
1
What is the units digit of 2733?
3
What is the ten thousands digit of 48808?
4
What is the hundreds digit of 6453?
4
What is the units digit of 12168?
8
What is the units digit of 49427?
7
What is the hundreds digit of 57956?
9
What is the units digit of 4539?
9
What is the hundreds digit of 4630?
6
What is the tens digit of 4921?
2
What is the tens digit of 128?
2
What is the units digit of 4849?
9
What is the hundreds digit of 17430?
4
What is the tens digit of 26868?
6
What is the hundreds digit of 1867?
8
What is the hundred thousands digit of 136851?
1
What is the tens digit of 2698?
9
What is the ten thousands digit of 14301?
1
What is the tens digit of 15817?
1
What is the thousands digit of 3556?
3
What is the thousands digit of 15213?
5
What is the units digit of 753?
3
What is the tens digit of 1483?
8
What is the thousands digit of 4255?
4
What is the hundreds digit of 13523?
5
What is the units digit of 40992?
2
What is the hundred thousands digit of 121900?
1
What is the tens digit of 7792?
9
What is the thousands digit of 3041?
3
What is the hundreds digit of 9249?
2
What is the hundreds digit of 55538?
5
What is the hundreds digit of 2204?
2
What is the hundreds digit of 2787?
7
What is the units digit of 1756?
6
What is the tens digit of 5274?
7
What is the hundreds digit of 2353?
3
What is the tens digit of 19322?
2
What is the hundreds digit of 1468?
4
What is the thousands digit of 6399?
6
What is the tens digit of 5549?
4
What is the tens digit of 15829?
2
What is the tens digit of 4894?
9
What is the hundreds digit of 826?
8
What is the units digit of 2980?
0
What is the tens digit of 343?
4
What is the tens digit of 27938?
3
What is the tens digit of 583?
8
What is the units digit of 864?
4
What is the hundreds digit of 893?
8
What is the hundreds digit of 7801?
8
What is the units digit of 106422?
2
What is the thousands digit of 41939?
1
What is the hundreds digit of 345?
3
What is the hundreds digit of 3528?
5
What is the units digit of 70759?
9
What is the hundreds digit of 355?
3
What is the hundreds digit of 82495?
4
What is the units digit of 80787?
7
What is the units digit of 86?
6
What is the hundreds digit of 3213?
2
What is the units digit of 116?
6
What is the thousands digit of 22956?
2
What is the units digit of 51445?
5
What is the units digit of 12625?
5
What is the hundreds digit of 5890?
8
What is the units digit of 14715?
5
What is the thousands digit of 12248?
2
What is the tens digit of 39027?
2
What is the units digit of 7058?
8
What is the thousands digit of 4898?
4
What is the units digit of 4317?
7
What is the tens digit of 4574?
7
What is the thousands digit of 9183?
9
What is the units digit of 1779?
9
What is the units digit of 1932?
2
What is the hundreds digit of 139481?
4
What is the hundreds digit of 957?
9
What is the ten thousands digit of 85494?
8
What is the units digit of 6330?
0
What is the tens digit of 41874?
7
What is the thousands digit of 5397?
5
What is the hundreds digit of 94722?
7
What is the tens digit of 7961?
6
What is the thousands digit of 7693?
7
What is the hundreds digit of 3711?
7
What is the tens digit of 412?
1
What is the tens digit of 8126?
2
What is the hundreds digit of 15517?
5
What is the hundreds digit of 2836?
8
What is the hundreds digit of 4392?
3
What is the thousands digit of 7227?
7
What is the ten thousands digit of 33476?
3
What is the units digit of 4347?
7
What is the tens digit of 10835?
3
What is the thousands digit of 1289?
1
What is the hundreds digit of 1879?
8
What is the ten thousands digit of 15273?
1
What is the hundreds digit of 4866?
8
What is the units digit of 421?
1
What is the tens digit of 3838?
3
What is the tens digit of 1041?
4
What is the tens digit of 3277?
7
What is the thousands digit of 34320?
4
What is the thousands digit of 16798?
6
What is the hundreds digit of 4776?
7
What is the units digit of 2541?
1
What is the thousands digit of 86554?
6
What is the units digit of 113520?
0
What is the units digit of 224?
4
What is the units digit of 1045?
5
What is the tens digit of 135?
3
What is the hundreds digit of 805?
8
What is the hundreds digit of 17345?
3
What is the hundreds digit of 3961?
9
What is the units digit of 1350?
0
What is the thousands digit of 43845?
3
What is the thousands digit of 1228?
1
What is the hundreds digit of 965?
9
What is the units digit of 12024?
4
What is the thousands digit of 24644?
4
What is the units digit of 94811?
1
What is the hundreds digit of 655?
6
What is the tens digit of 1092?
9
What is the hundreds digit of 222?
2
What is the hundreds digit of 1723?
7
What is the units digit of 246?
6
What is the units digit of 19204?
4
What is the tens digit of 2405?
0
What is the tens digit of 27449?
4
What is the units digit of 6380?
0
What is the units digit of 2052?
2
What is the tens digit of 5341?
4
What is the thousands digit of 14661?
4
What is the units digit of 2939?
9
What is the thousands digit of 62244?
2
What is the hundreds digit of 29390?
3
What is the units digit of 2318?
8
What is the ten thousands digit of 193388?
9
What is the units digit of 200?
0
What is the hundreds digit of 343?
3
What is the hundreds digit of 3567?
5
What is the tens digit of 6540?
4
What is the hundreds digit of 319?
3
What is the tens digit of 25435?
3
What is the tens digit of 2746?
4
What is the tens digit of 622?
2
What is the thousands digit of 90153?
0
What is the units digit of 11203?
3
What is the ten thousands digit of 17481?
1
What is the units digit of 22388?
8
What is the tens digit of 716?
1
What is the tens digit of 4018?
1
What is the hundred thousands digit of 135213?
1
What is the tens digit of 56434?
3
What is the ten thousands digit of 103028?
0
What is the units digit of 3313?
3
What is the hundreds digit of 1351?
3
What is the hundreds digit of 1222?
2
What is the hundreds digit of 881?
8
What is the tens digit of 1400?
0
What is the units digit of 1324?
4
What is the units digit of 2474?
4
What is the units digit of 2773?
3
What is the thousands digit of 53713?
3
What is the thousands digit of 6951?
6
What is the thousands digit of 2373?
2
What is the units digit of 2615?
5
What is the thousands digit of 34298?
4
What is the thousands digit of 2261?
2
What is the units digit of 229?
9
What is the ten thousands digit of 22923?
2
What is the ten thousands digit of 112999?
1
What is the hundreds digit of 22458?
4
What is the units digit of 99289?
9
What is the tens digit of 50416?
1
What is the thousands digit of 2258?
2
What is the tens digit of 3617?
1
What is the ten thousands digit of 33445?
3
What is the hundreds digit of 224?
2
What is the thousands digit of 1314?
1
What is the hundreds digit of 3821?
8
What is the tens digit of 691?
9
What is the hundreds digit of 1356?
3
What is the units digit of 1002?
2
What is the thousands digit of 13210?
3
What is the tens digit of 2099?
9
What is the units digit of 2532?
2
What is the ten thousands digit of 123436?
2
What is the hundreds digit of 2405?
4
What is the tens digit of 227?
2
What is the ten thousands digit of 92668?
9
What is the hundred thousands digit of 108321?
1
What is the hundreds digit of 7321?
3
What is the tens digit of 8585?
8
What is the tens digit of 2030?
3
What is the tens digit of 401?
0
What is the hundreds digit of 473?
4
What is the tens digit of 3615?
1
What is the thousands digit of 1208?
1
What is the units digit of 28411?
1
What is the thousands digit of 13683?
3
What is the thousands digit of 15952?
5
What is the thousands digit of 4783?
4
What is the units digit of 17535?
5
What is the tens digit of 2774?
7
What is the units digit of 1677?
7
What is the units digit of 4850?
0
What is the units digit of 533?
3
What is the hundreds digit of 583?
5
What is the units digit of 17025?
5
What is the units digit 